{"id":13450,"date":"2025-11-24T10:06:14","date_gmt":"2025-11-24T10:06:14","guid":{"rendered":"https:\/\/carsforluxe.com\/?post_type=product&#038;p=13450"},"modified":"2025-11-24T10:06:14","modified_gmt":"2025-11-24T10:06:14","slug":"hyundai-tucson","status":"publish","type":"product","link":"https:\/\/carsforluxe.com\/?product=hyundai-tucson","title":{"rendered":"Hyundai TUCSON"},"content":{"rendered":"<div dir=\"auto\">Hyundai TUCSON<\/div>\n<div dir=\"auto\">Plug-In-Hybrid 1.6 T-GDI 4WD Trend Krell,185kW(252ch din)2025 \/ Automatique \/ Hybride(essence,\u00e9lectrique)\/ 123km(certifi\u00e9 )<\/div>\n<div dir=\"auto\"><\/div>\n<div dir=\"auto\">\n<div class=\"x14z9mp xat24cr x1lziwak x1vvkbs xtlvy1s x126k92a\">\n<div dir=\"auto\">Caract\u00e9ristiques<\/div>\n<\/div>\n<div class=\"x14z9mp xat24cr x1lziwak x1vvkbs xtlvy1s x126k92a\">\n<div dir=\"auto\">4&#215;4<\/div>\n<div dir=\"auto\">ABS<\/div>\n<div dir=\"auto\">Accoudoir<\/div>\n<div dir=\"auto\">Affichage t\u00eate haute<\/div>\n<div dir=\"auto\">Antid\u00e9marrage<\/div>\n<div dir=\"auto\">Assistance au freinage d&#8217;urgence<\/div>\n<div dir=\"auto\">Assistance de d\u00e9marrage en c\u00f4te<\/div>\n<div dir=\"auto\">Assistant feux de route<\/div>\n<div dir=\"auto\">Attache remorque pivotante<\/div>\n<div dir=\"auto\">Avertisseur de franchissement de ligne<\/div>\n<div dir=\"auto\">Bluetooth<\/div>\n<div dir=\"auto\">Bo\u00eete de vitesses robotis\u00e9e<\/div>\n<div dir=\"auto\">Capteur de lumi\u00e8re<\/div>\n<div dir=\"auto\">Capteur de pluie<\/div>\n<div dir=\"auto\">Contr\u00f4le de la pression des pneus<\/div>\n<div dir=\"auto\">Direction assist\u00e9e<\/div>\n<div dir=\"auto\">\u00c9clairage d&#8217;ambiance<\/div>\n<div dir=\"auto\">ESP<\/div>\n<div dir=\"auto\">Fermeture centralis\u00e9e<\/div>\n<div dir=\"auto\">Feux de jour LED<\/div>\n<div dir=\"auto\">Galerie de toit<\/div>\n<div dir=\"auto\">Garantie<\/div>\n<div dir=\"auto\">GPS<\/div>\n<div dir=\"auto\">Grille de protection pour coffre<\/div>\n<div dir=\"auto\">Hayon \u00e9lectrique<\/div>\n<div dir=\"auto\">Isofix<\/div>\n<div dir=\"auto\">Jantes alliage<\/div>\n<div dir=\"auto\">Kit mains libres<\/div>\n<div dir=\"auto\">Ordinateur de bord<\/div>\n<div dir=\"auto\">Phare antibrouillard<\/div>\n<div dir=\"auto\">Phares LED<\/div>\n<div dir=\"auto\">Port USB<\/div>\n<div dir=\"auto\">Radio DAB<\/div>\n<div dir=\"auto\">R\u00e9glage \u00e9lectrique des si\u00e8ges<\/div>\n<div dir=\"auto\">R\u00e9gulateur de vitesse<\/div>\n<div dir=\"auto\">R\u00e9troviseur ext\u00e9rieur \u00e9lectrique<\/div>\n<div dir=\"auto\">R\u00e9troviseur int\u00e9rieur anti-\u00e9blouissement automatique<\/div>\n<div dir=\"auto\">Si\u00e8ges chauffants<\/div>\n<div dir=\"auto\">Si\u00e8ges sport<\/div>\n<div dir=\"auto\">Support lombaire<\/div>\n<div dir=\"auto\">Suspension sport<\/div>\n<div dir=\"auto\">Syst\u00e8me antipatinage<\/div>\n<div dir=\"auto\">Syst\u00e8me d&#8217;alarme<\/div>\n<div dir=\"auto\">Syst\u00e8me d&#8217;appel d&#8217;urgence<\/div>\n<div dir=\"auto\">Syst\u00e8me d&#8217;avertissement de la distance<\/div>\n<div dir=\"auto\">Syst\u00e8me de d\u00e9tection de la fatigue<\/div>\n<div dir=\"auto\">Syst\u00e8me Stop &amp; Start<\/div>\n<div dir=\"auto\">Toit panoramique<\/div>\n<div dir=\"auto\">Tuner\/radio<\/div>\n<div dir=\"auto\">Verrouillage centralis\u00e9 sans cl\u00e9<\/div>\n<div dir=\"auto\">Vitres \u00e9lectriques<\/div>\n<div dir=\"auto\">Volant multifonction<\/div>\n<div dir=\"auto\">WLAN \/ point d&#8217;acc\u00e8s Wi-Fi<\/div>\n<\/div>\n<\/div>\n","protected":false},"excerpt":{"rendered":"<div dir=\"auto\">Hyundai TUCSON<\/div>\n<div dir=\"auto\">Plug-In-Hybrid 1.6 T-GDI 4WD Trend Krell,185kW(252ch din)2025 \/ Automatique \/ Hybride(essence,\u00e9lectrique)\/ 123km(certifi\u00e9 )<\/div>\n","protected":false},"featured_media":13451,"comment_status":"open","ping_status":"closed","template":"","meta":{"_acf_changed":false},"product_brand":[],"product_cat":[15],"product_tag":[],"class_list":{"0":"post-13450","1":"product","2":"type-product","3":"status-publish","4":"has-post-thumbnail","6":"product_cat-uncategorized","8":"first","9":"instock","10":"sale","11":"shipping-taxable","12":"purchasable","13":"product-type-simple"},"acf":[],"_links":{"self":[{"href":"https:\/\/carsforluxe.com\/index.php?rest_route=\/wp\/v2\/product\/13450","targetHints":{"allow":["GET"]}}],"collection":[{"href":"https:\/\/carsforluxe.com\/index.php?rest_route=\/wp\/v2\/product"}],"about":[{"href":"https:\/\/carsforluxe.com\/index.php?rest_route=\/wp\/v2\/types\/product"}],"replies":[{"embeddable":true,"href":"https:\/\/carsforluxe.com\/index.php?rest_route=%2Fwp%2Fv2%2Fcomments&post=13450"}],"wp:featuredmedia":[{"embeddable":true,"href":"https:\/\/carsforluxe.com\/index.php?rest_route=\/wp\/v2\/media\/13451"}],"wp:attachment":[{"href":"https:\/\/carsforluxe.com\/index.php?rest_route=%2Fwp%2Fv2%2Fmedia&parent=13450"}],"wp:term":[{"taxonomy":"product_brand","embeddable":true,"href":"https:\/\/carsforluxe.com\/index.php?rest_route=%2Fwp%2Fv2%2Fproduct_brand&post=13450"},{"taxonomy":"product_cat","embeddable":true,"href":"https:\/\/carsforluxe.com\/index.php?rest_route=%2Fwp%2Fv2%2Fproduct_cat&post=13450"},{"taxonomy":"product_tag","embeddable":true,"href":"https:\/\/carsforluxe.com\/index.php?rest_route=%2Fwp%2Fv2%2Fproduct_tag&post=13450"}],"curies":[{"name":"wp","href":"https:\/\/api.w.org\/{rel}","templated":true}]}}