{"id":13205,"date":"2025-11-11T23:04:19","date_gmt":"2025-11-11T23:04:19","guid":{"rendered":"https:\/\/carsforluxe.com\/?post_type=product&#038;p=13205"},"modified":"2025-11-11T23:04:20","modified_gmt":"2025-11-11T23:04:20","slug":"bmw-m440i-xdrive","status":"publish","type":"product","link":"https:\/\/carsforluxe.com\/?product=bmw-m440i-xdrive","title":{"rendered":"BMW M440i xDrive"},"content":{"rendered":"<p>BMW M440i xDrive LH HuD H\/K ACC 360\u00b0 A-LED PA+ DAB 275kW(374ch din)2025 \/ Automatique \/ Essence \/ 185km(certifi\u00e9)<\/p>\n<p>&nbsp;<\/p>\n<div class=\"x14z9mp xat24cr x1lziwak x1vvkbs xtlvy1s x126k92a\">\n<div dir=\"auto\">\u00c9quipements<\/div>\n<\/div>\n<div class=\"x14z9mp xat24cr x1lziwak x1vvkbs xtlvy1s x126k92a\">\n<div dir=\"auto\">ABS<\/div>\n<div dir=\"auto\">Accoudoir<\/div>\n<div dir=\"auto\">Airbags frontaux et lat\u00e9raux et autres<\/div>\n<div dir=\"auto\">Alerte de franchissement involontaire de ligne<\/div>\n<div dir=\"auto\">Antid\u00e9marrage<\/div>\n<div dir=\"auto\">Assistance de d\u00e9marrage en c\u00f4te<\/div>\n<div dir=\"auto\">Assistant feux de route<\/div>\n<div dir=\"auto\">Bluetooth<\/div>\n<div dir=\"auto\">Bo\u00eete de vitesses robotis\u00e9e<\/div>\n<div dir=\"auto\">Capteur de pluie<\/div>\n<div dir=\"auto\">Carnet d&#8217;entretien<\/div>\n<div dir=\"auto\">Climatisation automatique<\/div>\n<div dir=\"auto\">Commande vocale<\/div>\n<div dir=\"auto\">Contr\u00f4le automatique de la pression des pneus<\/div>\n<div dir=\"auto\">Direction assist\u00e9e<\/div>\n<div dir=\"auto\">\u00c9clairage d&#8217;ambiance<\/div>\n<div dir=\"auto\">\u00c9clairage route non \u00e9blouissant<\/div>\n<div dir=\"auto\">Eletric seat adjustment with memory function<\/div>\n<div dir=\"auto\">ESP<\/div>\n<div dir=\"auto\">Fermeture centralis\u00e9e<\/div>\n<div dir=\"auto\">Feux de position LED<\/div>\n<div dir=\"auto\">Folding exterior mirrors<\/div>\n<div dir=\"auto\">GPS<\/div>\n<div dir=\"auto\">Isofix (points d&#8217;ancrage des si\u00e8ges pour enfants)<\/div>\n<div dir=\"auto\">Jantes alliage<\/div>\n<div dir=\"auto\">Lecteur CD<\/div>\n<div dir=\"auto\">Ordinateur de bord<\/div>\n<div dir=\"auto\">Pack sport<\/div>\n<div dir=\"auto\">Phares LED<\/div>\n<div dir=\"auto\">Port USB<\/div>\n<div dir=\"auto\">Radio DAB<\/div>\n<div dir=\"auto\">Rear wheel drive<\/div>\n<div dir=\"auto\">R\u00e9glage \u00e9lectrique des si\u00e8ges<\/div>\n<div dir=\"auto\">R\u00e9gulateur de vitesse<\/div>\n<div dir=\"auto\">R\u00e9troviseur ext\u00e9rieur \u00e9lectrique<\/div>\n<div dir=\"auto\">R\u00e9troviseur int\u00e9rieur anti-\u00e9blouissement automatique<\/div>\n<div dir=\"auto\">Si\u00e8ges chauffants<\/div>\n<div dir=\"auto\">Si\u00e8ges sport<\/div>\n<div dir=\"auto\">Streaming musical int\u00e9gr\u00e9<\/div>\n<div dir=\"auto\">Support lombaire<\/div>\n<div dir=\"auto\">Suspension sport<\/div>\n<div dir=\"auto\">Syst\u00e8me antipatinage<\/div>\n<div dir=\"auto\">Syst\u00e8me d&#8217;alarme<\/div>\n<div dir=\"auto\">Syst\u00e8me d&#8217;assistance aux angles morts<\/div>\n<div dir=\"auto\">Syst\u00e8me d&#8217;avertissement de la distance<\/div>\n<div dir=\"auto\">Syst\u00e8me de d\u00e9tection de la fatigue<\/div>\n<div dir=\"auto\">Syst\u00e8me de reconnaissance des panneaux de signalisation<\/div>\n<div dir=\"auto\">Syst\u00e8me de sonorisation<\/div>\n<div dir=\"auto\">Syst\u00e8me Stop &amp; Start<\/div>\n<div dir=\"auto\">Tinted windows<\/div>\n<div dir=\"auto\">Toit ouvrant<\/div>\n<div dir=\"auto\">Toit panoramique<\/div>\n<div dir=\"auto\">Tuner\/radio<\/div>\n<div dir=\"auto\">Ventilation du si\u00e8ge<\/div>\n<div dir=\"auto\">Verrouillage centralis\u00e9 sans cl\u00e9<\/div>\n<div dir=\"auto\">Vitres \u00e9lectriques<\/div>\n<div dir=\"auto\">Volant en cuir<\/div>\n<div dir=\"auto\">Volant multifonction<\/div>\n<div dir=\"auto\">Wifi<\/div>\n<\/div>\n","protected":false},"excerpt":{"rendered":"<p>BMW M440i xDrive LH HuD H\/K ACC 360\u00b0 A-LED PA+ DAB 275kW(374ch din)2025 \/ Automatique \/ Essence \/ 185km(certifi\u00e9)<\/p>\n","protected":false},"featured_media":13206,"comment_status":"open","ping_status":"closed","template":"","meta":{"_acf_changed":false},"product_brand":[],"product_cat":[15],"product_tag":[],"class_list":{"0":"post-13205","1":"product","2":"type-product","3":"status-publish","4":"has-post-thumbnail","6":"product_cat-uncategorized","8":"first","9":"instock","10":"sale","11":"shipping-taxable","12":"purchasable","13":"product-type-simple"},"acf":[],"_links":{"self":[{"href":"https:\/\/carsforluxe.com\/index.php?rest_route=\/wp\/v2\/product\/13205","targetHints":{"allow":["GET"]}}],"collection":[{"href":"https:\/\/carsforluxe.com\/index.php?rest_route=\/wp\/v2\/product"}],"about":[{"href":"https:\/\/carsforluxe.com\/index.php?rest_route=\/wp\/v2\/types\/product"}],"replies":[{"embeddable":true,"href":"https:\/\/carsforluxe.com\/index.php?rest_route=%2Fwp%2Fv2%2Fcomments&post=13205"}],"wp:featuredmedia":[{"embeddable":true,"href":"https:\/\/carsforluxe.com\/index.php?rest_route=\/wp\/v2\/media\/13206"}],"wp:attachment":[{"href":"https:\/\/carsforluxe.com\/index.php?rest_route=%2Fwp%2Fv2%2Fmedia&parent=13205"}],"wp:term":[{"taxonomy":"product_brand","embeddable":true,"href":"https:\/\/carsforluxe.com\/index.php?rest_route=%2Fwp%2Fv2%2Fproduct_brand&post=13205"},{"taxonomy":"product_cat","embeddable":true,"href":"https:\/\/carsforluxe.com\/index.php?rest_route=%2Fwp%2Fv2%2Fproduct_cat&post=13205"},{"taxonomy":"product_tag","embeddable":true,"href":"https:\/\/carsforluxe.com\/index.php?rest_route=%2Fwp%2Fv2%2Fproduct_tag&post=13205"}],"curies":[{"name":"wp","href":"https:\/\/api.w.org\/{rel}","templated":true}]}}