{"id":13340,"date":"2025-11-13T20:25:52","date_gmt":"2025-11-13T20:25:52","guid":{"rendered":"https:\/\/carsforluxe.com\/?page_id=13340"},"modified":"2025-11-13T20:25:53","modified_gmt":"2025-11-13T20:25:53","slug":"politique-de-garantie","status":"publish","type":"page","link":"https:\/\/carsforluxe.com\/?page_id=13340","title":{"rendered":"Politique de garantie"},"content":{"rendered":"\n<h3 class=\"wp-block-heading\">\ud83d\udd39 Objectif<\/h3>\n\n\n\n<p>Pr\u00e9ciser les conditions de garantie apr\u00e8s-vente.<\/p>\n\n\n\n<h3 class=\"wp-block-heading\">\ud83d\udd39 Texte propos\u00e9<\/h3>\n\n\n\n<p>Tous nos v\u00e9hicules b\u00e9n\u00e9ficient d\u2019une <strong>garantie couvrant les d\u00e9fauts m\u00e9caniques et \u00e9lectriques<\/strong> pendant une p\u00e9riode d\u00e9termin\u00e9e, selon le type et l\u2019ann\u00e9e du v\u00e9hicule.<br>La garantie ne couvre pas les dommages r\u00e9sultant d\u2019une mauvaise utilisation, d\u2019un accident, ou d\u2019un entretien n\u00e9glig\u00e9.<br>Carsforluxe propose \u00e9galement des <strong>extensions de garantie<\/strong> pour les clients souhaitant une couverture prolong\u00e9e.<\/p>\n","protected":false},"excerpt":{"rendered":"<p>\ud83d\udd39 Objectif Pr\u00e9ciser les conditions de garantie apr\u00e8s-vente. \ud83d\udd39 Texte propos\u00e9 Tous nos v\u00e9hicules b\u00e9n\u00e9ficient d\u2019une garantie couvrant les d\u00e9fauts m\u00e9caniques et \u00e9lectriques pendant une p\u00e9riode d\u00e9termin\u00e9e, selon le type et l\u2019ann\u00e9e du v\u00e9hicule.La garantie ne couvre pas les dommages r\u00e9sultant d\u2019une mauvaise utilisation, d\u2019un accident, ou d\u2019un entretien n\u00e9glig\u00e9.Carsforluxe propose \u00e9galement des extensions de [&hellip;]<\/p>\n","protected":false},"author":1,"featured_media":0,"parent":0,"menu_order":0,"comment_status":"closed","ping_status":"closed","template":"","meta":{"_acf_changed":false,"footnotes":""},"class_list":["post-13340","page","type-page","status-publish","hentry"],"_hostinger_reach_plugin_has_subscription_block":false,"_hostinger_reach_plugin_is_elementor":false,"acf":[],"_links":{"self":[{"href":"https:\/\/carsforluxe.com\/index.php?rest_route=\/wp\/v2\/pages\/13340","targetHints":{"allow":["GET"]}}],"collection":[{"href":"https:\/\/carsforluxe.com\/index.php?rest_route=\/wp\/v2\/pages"}],"about":[{"href":"https:\/\/carsforluxe.com\/index.php?rest_route=\/wp\/v2\/types\/page"}],"author":[{"embeddable":true,"href":"https:\/\/carsforluxe.com\/index.php?rest_route=\/wp\/v2\/users\/1"}],"replies":[{"embeddable":true,"href":"https:\/\/carsforluxe.com\/index.php?rest_route=%2Fwp%2Fv2%2Fcomments&post=13340"}],"version-history":[{"count":1,"href":"https:\/\/carsforluxe.com\/index.php?rest_route=\/wp\/v2\/pages\/13340\/revisions"}],"predecessor-version":[{"id":13341,"href":"https:\/\/carsforluxe.com\/index.php?rest_route=\/wp\/v2\/pages\/13340\/revisions\/13341"}],"wp:attachment":[{"href":"https:\/\/carsforluxe.com\/index.php?rest_route=%2Fwp%2Fv2%2Fmedia&parent=13340"}],"curies":[{"name":"wp","href":"https:\/\/api.w.org\/{rel}","templated":true}]}}